f 10 and t?
2
Let o(f) = 17*f**2 + 30*f + 148. Let b be o(-6). Calculate the highest common factor of b and 20.
20
Let n be (-5)/(-35) + (-27)/(-7). Suppose 0 = 2*v + 10, 0*v = -3*j - n*v - 20. Suppose j = 3*s - 0*s - 42. What is the highest common factor of 112 and s?
14
Let f(b) be the second derivative of b**4/6 + 13*b**3/6 + b**2 - 11*b. Let m be f(-7). Calculate the highest common divisor of 45 and m.
9
Suppose -103*x = -100*x - 5*k - 43, -4*k = 5*x - 47. Let j be 11*8/(-6)*-6. Calculate the greatest common divisor of x and j.
11
Suppose 0 = 25*g - 57 - 118. What is the greatest common divisor of 161 and g?
7
Let y = 98 - 68. Let t(k) = k**2 - 5*k + 31. Let w be t(9). Let d = w - 57. What is the highest common factor of y and d?
10
Suppose -4*t - r = -780, -4*r + 390 = 3*t - t. Suppose 22*b = 20*b + 156. What is the highest common divisor of t and b?
39
Let t(w) = -3*w + 5. Let u be t(-6). What is the highest common factor of u and 115?
23
Suppose 0 = -24*g - 28*g + 1196. Calculate the highest common factor of g and 115.
23
Suppose -76 = -11*t + 1. What is the highest common divisor of 413 and t?
7
Let q be (-75)/(-12) - 3/12. Suppose -d + g - q = 5*g, 0 = -d - 5*g - 10. Suppose 4*i = -i + d. What is the highest common divisor of i and 4?
2
Suppose 2*a + 4 = -m + 3*m, -2*m = a + 2. Suppose m = g, -c = 3*c - 4*g - 76. Calculate the highest common factor of c and 209.
19
Let z(n) be the second derivative of n**4/12 + n**3 - 3*n**2/2 + 6*n. Let l be z(-7). What is the greatest common divisor of 8 and l?
4
Suppose j - 313 = -280. What is the highest common divisor of 21 and j?
3
Let c = 77 + -53. Let n(a) = -2*a**2 - 43*a - 145. Let r be n(-17). Calculate the highest common divisor of r and c.
8
Let u = 11 + -6. Let h(o) be the third derivative of 3*o**4/4 + o**3/6 + 2*o**2. Let n be h(u). Calculate the highest common divisor of 13 and n.
13
Suppose 5*y + 13 - 3 = 0. Let r(k) = 2*k + 4. Let w be r(y). Suppose -f = -6*f + 10, w = -4*v + f + 734. Calculate the greatest common divisor of v and 23.
23
Let i(k) be the second derivative of -k**5/20 + k**4/2 + 3*k**3/2 - 2*k**2 + 33*k. Let q be i(7). What is the highest common divisor of q and 60?
10
Let o = 48 + -26. Let k = -232 + 243. Calculate the greatest common divisor of o and k.
11
Let j be ((-318)/4)/(4/(-24)). Suppose 4*i = -3*z + 293, -5*z - i = -0*i - j. Calculate the highest common divisor of 19 and z.
19
Suppose -65 = -5*m - 3*c, 5*m + c - 32 = 23. Suppose 1518 = -m*p + 16*p. Calculate the greatest common factor of 23 and p.
23
Let k = -9 - -17. Suppose 2*q = 2*x, 18*x - 2 = 21*x - 5*q. Calculate the greatest common divisor of x and k.
1
Suppose -36 = -13*t + 16. Let d = 58 - 26. What is the greatest common divisor of t and d?
4
Let s be 6/36 + (-46)/(-12). Suppose -6*z + s*z = -50. Let m be 277 - (-4)/((-6)/3). What is the highest common divisor of z and m?
25
Let b = 25726 + -25666. Suppose 72 = c + 2*c. What is the highest common factor of b and c?
12
Let y = -8288 + 8379. Suppose 0 = p - 11 - 2. What is the greatest common divisor of p and y?
13
Let x = 251 - 431. Let u = 44 - x. What is the greatest common divisor of u and 32?
32
Suppose -2432 = -53*x + 1278. Let k(w) be the first derivative of -w**3/3 - 4*w**2 + 3*w + 1. Let g be k(-7). Calculate the greatest common divisor of g and x.
10
Suppose 4*u = -0*u, 2*k = -u + 40. Suppose -2*o + 1 = -79. Calculate the greatest common divisor of k and o.
20
Let f = 1533 + -1509. Let z(k) = 4*k**2 - k - 3. Let d be z(-3). What is the highest common factor of f and d?
12
Let q = 12645 + -8942. What is the greatest common factor of q and 161?
161
Let i = 76 + -58. Calculate the greatest common factor of i and 45.
9
Suppose 12*p = 35*p - 1518. What is the greatest common factor of 6 and p?
6
Let i = -34 - -39. Suppose -4*z + 33 = -t, -4*z - 5*t + 22 = -i. Calculate the greatest common divisor of 4 and z.
4
Let j be ((-1)/3)/(2/(-1878)). Let u = j + -213. Suppose 159 - 609 = -18*b. Calculate the highest common divisor of b and u.
25
Let z(r) = 29*r**3 + 2*r**2 - r. Let m be z(1). Let i = -6 - -46. Suppose q - 3*q + i = 0. What is the greatest common divisor of q and m?
10
Let h(u) = 78*u**3 + 3*u**2 - 4*u + 2. Let z be h(1). What is the greatest common factor of 869 and z?
79
Let c be (-1 + -3)*1 + 274. Suppose -14*l + c = -12*l. What is the greatest common divisor of 54 and l?
27
Let v = 5 + -1. Suppose 2*s + 0*s = -3*w + 17, -s - 2*w = -11. Suppose p + s = 9. What is the greatest common factor of p and v?
4
Let y be -5*15/(-25) + (-8)/2. Let v be 1*((y - -11) + -2). What is the highest common factor of v and 44?
4
Let u(y) = 4*y + 4. Let m be u(-5). Let p = 36 + m. Suppose 3*k + 66 = 2*v, 29 + 23 = 2*v + 4*k. What is the highest common divisor of v and p?
10
Let u be -4*2/(-4)*-1. Let n = 2 - u. Suppose -n*g = -2*g - 2. What is the highest common divisor of 3 and g?
1
Let z(r) = r**2 - 1. Let l = -24 + 29. Suppose -7 = -2*i + l*i - o, 0 = i - 4*o - 16. Let x be z(i). What is the greatest common divisor of 30 and x?
15
Let i = -32 + 32. Suppose -2*o + 6*o - 200 = i. What is the greatest common divisor of 5 and o?
5
Let s(k) = 16*k - 361. Let o be s(23). Calculate the greatest common divisor of 2 and o.
1
Let w be ((1 - 2) + (-8)/(-16))*-558. Let o be (-31)/(-3)*(6 - 3). What is the highest common divisor of o and w?
31
Suppose 0 = 5*r + f - 699, 11*r + 2*f = 6*r + 698. Let x = -38 + 73. Calculate the highest common factor of r and x.
35
Let n = -12 + 17. Let v(r) be the first derivative of -r**4/4 + 4*r**3/3 + 4*r**2 - 12*r - 3. Let u be v(4). What is the greatest common factor of n and u?
5
Let t be (1 + -2)/(5/(-130)). Suppose -3*z + t + 43 = 0. Let c = z + -15. Calculate the greatest common divisor of c and 1.
1
Let a(z) = z**2 - 3*z - 1. Let o(h) = h - 8. Let q = 24 + -19. Let b be o(q). Let i be a(b). What is the highest common divisor of 187 and i?
17
Let x be (-10)/(-2) + -1 + 0. Suppose -x*r = 312 - 1368. What is the greatest common factor of r and 24?
24
Suppose 0 = -19*t + 17*t - 560. Let s = -155 - t. Let u = -24 + 74. What is the highest common divisor of s and u?
25
Let f = 135 + -99. What is the greatest common factor of f and 16?
4
Let q(f) be the third derivative of 17*f**5/5 + f**4/8 + f**3/3 + 2*f**2. Let z be q(-1). Calculate the greatest common factor of z and 29.
29
Let y = 270 - 265. Calculate the greatest common divisor of y and 100.
5
Let u be 3 - (-1 + (-36)/(-6)) - -542. What is the greatest common divisor of 20 and u?
20
Let d = -414 - -442. What is the greatest common factor of d and 70?
14
Suppose 340 = 6*j - 62. Suppose 0 = k + 3*k - 2*o - 126, 4*o - j = -3*k. Calculate the greatest common factor of k and 203.
29
Suppose -6342 - 11208 = -30*n. Calculate the highest common divisor of n and 130.
65
Let s = -42 + 135. Calculate the greatest common factor of 186 and s.
93
Let d = -59 - -119. Let r(h) = 16*h - 81. Let x be r(6). Calculate the highest common factor of x and d.
15
Let t be ((-1)/(1/(-2)))/((-40)/(-80)). Suppose 3*n + 19 = t*u, -u - 5*n + 25 = 3. Calculate the greatest common factor of 42 and u.
7
Let b = -1951 - -3952. Calculate the greatest common divisor of b and 29.
29
Suppose 4*f + 71 = 5*x, -x = -f + 5*f + 5. Suppose -v - 2*v + 564 = 0. Suppose v = 3*g - 10. Calculate the greatest common divisor of g and x.
11
Let z = -13 + 22. Let k(o) = o**2 - 8*o + 12. Let b(r) = 2*r**2 + 17*r - 19. Let t be b(-10). Let c be k(t). Calculate the highest common factor of z and c.
9
Let x be 1/(-2) + 1058/4. Let c = -185 + 187. Let n be c/(-8) - x/(-32). Calculate the highest common divisor of n and 56.
8
Suppose -56*u = -8*u - 12144. Calculate the highest common factor of 138 and u.
23
Let v(g) = 6*g**2 + 56*g + 9. Let a be v(-10). What is the highest common divisor of 21 and a?
7
Let n be -2 - (3/9 + 763/(-21)). Calculate the greatest common factor of n and 221.
17
Suppose -2*j + 8 + 1 = -5*x, j + 3 = -5*x. Let k be j/7 - (-378)/49. What is the greatest common divisor of 8 and k?
8
Suppose w - 490 = -380. What is the highest common factor of 33 and w?
11
Let g(q) = -3*q - 1. Let s(o) = -o + 1. Let v(x) = g(x) - 5*s(x). Let r be v(11). What is the greatest common factor of 2 and r?
2
Let w be 4/3 + (-12 - 208